 highest common factor of 215 and 4340565?
5
What is the highest common factor of 1071 and 7342266?
51
What is the highest common factor of 603571 and 994?
71
What is the greatest common divisor of 3 and 33863322?
3
What is the greatest common divisor of 166536359 and 11?
11
What is the greatest common divisor of 111478 and 1249917?
401
What is the greatest common divisor of 48 and 2588904?
24
What is the greatest common factor of 20278424 and 87?
29
What is the highest common factor of 42916 and 265?
1
Calculate the greatest common divisor of 4566458 and 1690.
26
Calculate the highest common divisor of 3043631 and 5671.
53
What is the greatest common factor of 29392208 and 16?
16
Calculate the greatest common divisor of 25502 and 5351688.
622
What is the highest common factor of 13912 and 277300?
188
What is the highest common factor of 380 and 1501988?
76
What is the highest common divisor of 24208102 and 9588?
1598
Calculate the greatest common divisor of 42336 and 59157.
189
What is the greatest common factor of 63311600 and 15840?
880
What is the greatest common factor of 11288540 and 5?
5
What is the greatest common divisor of 81 and 834681?
3
Calculate the highest common divisor of 28700 and 16391390.
410
Calculate the highest common factor of 77184 and 992480112.
9648
What is the greatest common divisor of 195344 and 1566?
58
Calculate the greatest common divisor of 25062911 and 248.
31
What is the greatest common divisor of 3891099439 and 12253?
12253
Calculate the greatest common divisor of 6490 and 3855650.
590
What is the highest common factor of 3523777 and 4624?
289
What is the greatest common factor of 10835222 and 1411?
17
Calculate the highest common divisor of 9406379 and 45494.
989
What is the greatest common factor of 1635 and 255396?
3
What is the highest common divisor of 797375568 and 12?
12
Calculate the highest common divisor of 110 and 14346046.
22
Calculate the highest common factor of 1222 and 1112748.
26
What is the greatest common factor of 9713 and 16797?
11
What is the greatest common factor of 6986 and 206262?
14
Calculate the greatest common factor of 27302875 and 125.
125
What is the greatest common divisor of 60769 and 906093?
907
Calculate the highest common divisor of 178181 and 730963.
1403
Calculate the greatest common divisor of 2788 and 287555714.
1394
What is the highest common factor of 196396 and 407?
37
What is the highest common factor of 19630 and 297011?
13
What is the highest common divisor of 14 and 530257644?
14
What is the highest common divisor of 148280992 and 800?
32
What is the greatest common divisor of 1059515470 and 5980?
2990
What is the greatest common divisor of 188960 and 2370?
10
Calculate the highest common factor of 2815803 and 8415.
9
What is the highest common divisor of 30833 and 14531?
11
What is the greatest common divisor of 572 and 15911467?
143
What is the highest common factor of 59124 and 4350216?
156
Calculate the greatest common divisor of 3078966 and 32.
2
Calculate the greatest common divisor of 15367440 and 1650.
330
What is the greatest common divisor of 858 and 43481790?
66
What is the highest common factor of 270768 and 115824?
48
What is the highest common divisor of 24060 and 820?
20
What is the greatest common factor of 661307101 and 91?
91
What is the greatest common divisor of 748 and 1153594772?
748
Calculate the highest common factor of 56 and 114821588.
28
What is the greatest common factor of 1417310 and 20?
10
What is the highest common divisor of 270 and 39392910?
90
Calculate the highest common factor of 67908655 and 47.
47
What is the greatest common divisor of 68726 and 2534?
14
What is the highest common divisor of 999 and 26471391?
111
What is the highest common divisor of 1323 and 749504?
49
What is the greatest common divisor of 27602910 and 405?
135
Calculate the highest common divisor of 61427587 and 26.
13
What is the greatest common factor of 948734886 and 1419?
1419
Calculate the greatest common factor of 303025 and 138920.
115
What is the greatest common factor of 1462 and 3531546?
34
What is the greatest common factor of 4169 and 6174668?
379
What is the greatest common divisor of 939383 and 6956783?
3343
Calculate the greatest common factor of 410 and 8949767.
41
What is the greatest common factor of 12363454 and 1160?
58
What is the greatest common factor of 5443600 and 27280?
2480
Calculate the highest common factor of 12 and 6463941.
3
Calculate the greatest common divisor of 116 and 112073168.
116
What is the greatest common factor of 725659 and 11275?
451
Calculate the highest common factor of 1573558 and 1.
1
Calculate the greatest common factor of 101397 and 890349.
1389
What is the highest common divisor of 520711790 and 4470?
1490
What is the highest common divisor of 40 and 364708?
4
What is the greatest common factor of 2253 and 21084325?
751
What is the highest common factor of 96025 and 1068800?
4175
What is the greatest common divisor of 895848 and 264?
24
Calculate the highest common divisor of 237 and 770196675.
237
Calculate the highest common divisor of 59698 and 14269.
19
What is the highest common factor of 8804147 and 2873?
17
Calculate the greatest common factor of 1639 and 31273.
11
What is the greatest common factor of 22347 and 292530825?
1719
Calculate the greatest common factor of 73953 and 2373800.
913
What is the greatest common divisor of 63989 and 7808?
61
What is the greatest common factor of 760 and 243086?
38
What is the greatest common divisor of 657365 and 576335?
365
What is the highest common factor of 154 and 91250313?
77
Calculate the highest common factor of 16843048 and 16.
8
What is the highest common divisor of 22778 and 15858369?
1627
What is the greatest common divisor of 1267481 and 73?
1
What is the highest common divisor of 480 and 57856704?
96
Calculate the greatest common factor of 176 and 375328.
16
Calculate the highest common factor of 5869470 and 582.
582
What is the highest common divisor of 51637176 and 1296?
648
Calculate the greatest common divisor of 95 and 7743545.
95
What is the highest common divisor of 8859114 and 886?
886
What is the greatest common factor of 1118066 and 100862?
2146
Calculate the greatest common divisor of 5192 and 6602464.
88
What is the greatest common divisor of 162 and 8088174?
162
Calculate the greatest common factor of 5340 and 3670360.
1780
What is the greatest common factor of 131770126 and 976?
122
Calculate the highest common factor of 72830 and 113257933.
7283
Calculate the greatest common factor of 97437079 and 15653.
1423
Calculate the highest common factor of 13110726 and 2495.
499
What is the highest common divisor of 264579 and 49?
7
Calculate the greatest common divisor of 930826 and 182.
26
Calculate the highest common factor of 200050 and 850.
50
What is the greatest common divisor of 811922 and 1252?
626
Calculate the greatest common factor of 50344 and 9227568.
1624
What is the greatest common divisor of 1110544 and 835264?
496
Calculate the greatest common factor of 171879 and 1242069.
3243
What is the highest common divisor of 51704 and 986872?
2248
What is the highest common factor of 192 and 44747568?
48
Calculate the greatest common factor of 23458 and 81918.
74
Calculate the highest common factor of 1907356 and 418.
22
Calculate the greatest common factor of 352340 and 11669590.
2230
Calculate the highest common factor of 669505 and 39555.
1465
What is the highest common divisor of 4709755 and 55840?
1745
What is the highest common divisor of 41552 and 3218516?
196
Calculate the highest common divisor of 8480 and 75014610.
530
What is the highest common factor of 46827 and 95829327?
4257
What is the greatest common divisor of 394443 and 248211?
27
Calculate the greatest common divisor of 59851 and 1408.
11
What is the highest common factor of 175 and 25627840?
35
Calculate the greatest common factor of 35234908 and 2378.
82
Calculate the highest common factor of 481 and 1208675.
13
Calculate the highest common divisor of 22952 and 4470808.
1208
What is the greatest common factor of 24850 and 1668143225?
12425
What is the highest common divisor of 752815 and 394541?
1099
What is the highest common divisor of 713905 and 335